34
Let v(l) = -l**3 + 10*l**2 + 1176*l + 3420. Determine v(-3).
9
Let j(v) = -v**2 - 17266*v + 120883. Give j(7).
-28
Let l(i) = -i**3 + 9*i**2 + 398900*i - 2792394. Determine l(7).
4
Let j(t) = 37*t**2 - 917*t - 433. Determine j(26).
737
Let h(j) = -49538*j + 148599. What is h(3)?
-15
Let k(r) = r**2 + 459*r + 18709. Give k(-45).
79
Let t(j) = -33*j**3 + j**2 + 12*j + 22. Calculate t(-3).
886
Let o(k) = -3*k**3 - 5*k**2 - 22*k - 35. Give o(5).
-645
Let r(z) = -176*z**3 - z**2 - 1275*z + 1275. What is r(1)?
-177
Let a(d) = 302*d + 8238. Determine a(-28).
-218
Let u(d) = -60646*d - 1516135. Calculate u(-25).
15
Let c(h) = -2*h**3 - 34*h**2 - 101*h - 15. Calculate c(-14).
223
Let z(g) = -g**2 - 12599*g + 302954. What is z(24)?
2
Let q(f) = 193*f**3 - f**2 + 159*f - 156. Determine q(1).
195
Let v(t) = -t**3 - 2*t**2 + 106*t - 870. What is v(-14)?
-2
Let c(m) = -12*m**3 - 127*m**2 - 468*m + 21. Determine c(-4).
629
Let l(r) = 8*r**3 - 13*r**2 - 286*r + 1571. Determine l(5).
816
Let q(h) = -1167*h - 18671. Give q(-16).
1
Let f(s) = -2420*s**2 + 43554*s + 200. Calculate f(18).
92
Let w(h) = 472581*h - 3780661. Determine w(8).
-13
Let r(u) = -u**2 + 158*u + 63479. Determine r(343).
24
Let n(o) = o**3 + 44*o**2 + 195*o + 6230. Give n(-43).
-306
Let z(j) = -19*j**2 - 1322*j - 580. Determine z(-69).
179
Let n(m) = m**3 - 12*m**2 + 482*m - 15452. Calculate n(22).
-8
Let k(z) = -z**2 - 27631*z + 553084. What is k(20)?
64
Let k(i) = 38*i + 138. Give k(16).
746
Let l(s) = -23158*s - 1736336. Give l(-75).
514
Let r(x) = -9787*x + 48834. Give r(5).
-101
Let c(y) = -7*y**2 + 38985*y - 38985. Determine c(1).
-7
Let x(g) = -147694*g - 443059. Give x(-3).
23
Let u(a) = -a**2 - 3301*a + 157336. Calculate u(47).
-20
Let i(p) = -5*p**2 - 398*p + 29766. What is i(47)?
15
Let n(p) = 3046*p - 76129. Determine n(25).
21
Let l(b) = -32*b**3 - 763*b**2 + 110*b - 222. Determine l(-24).
18
Let z(t) = 948*t + 165701. Calculate z(-175).
-199
Let x(j) = 1203*j - 494435. Give x(411).
-2
Let u(s) = s**2 + 179*s + 7541. Calculate u(-66).
83
Let f(i) = -3*i**3 - 13*i**2 + 21*i + 190. Calculate f(-9).
1135
Let r(p) = p**2 + 663*p + 85722. Calculate r(-176).
10
Let r(a) = -277653*a - 16103881. Give r(-58).
-7
Let m(i) = 2*i**3 - 4*i**2 + 228*i - 1431. What is m(6)?
225
Let z(u) = 4*u**2 - 164*u - 2619. Give z(53).
-75
Let d(w) = -12*w**2 + 610*w - 1645. Calculate d(48).
-13
Let u(w) = w**3 + 6*w**2 + 919*w - 8184. Calculate u(8).
64
Let q(v) = 68*v**2 + 41*v - 79. What is q(1)?
30
Let a(t) = 3*t**2 + 2282*t - 9158. Give a(4).
18
Let x(h) = -3*h**3 + 2*h**2 - 55*h + 367. Calculate x(6).
-539
Let l(n) = 2*n**3 + 257*n**2 - 2332*n - 441. What is l(-137)?
-30
Let a(j) = j**2 + 45*j - 6159. What is a(-104)?
-23
Let k(m) = 4831*m + 19376. Give k(-4).
52
Let x(j) = 65*j**3 - 48*j**2 + 78*j + 123. What is x(-1)?
-68
Let g(m) = 3*m**2 - 67*m - 1099. Calculate g(-10).
-129
Let p(c) = -1515*c - 336264. Give p(-222).
66
Let s(k) = 4*k**3 - 7*k**2 + 410*k + 19. Calculate s(0).
19
Let t(w) = 8333*w - 283317. What is t(34)?
5
Let b(i) = -i**3 - 17*i**2 - 87*i + 289. What is b(-9)?
424
Let y(x) = 3*x**2 + 170*x + 870. What is y(-50)?
-130
Let y(r) = -114*r - 14091. What is y(-119)?
-525
Let i(z) = 1075*z + 314940. What is i(-293)?
-35
Let w(n) = 103*n - 5933. What is w(53)?
-474
Let b(k) = -1040*k**2 + 1243*k - 1247. What is b(1)?
-1044
Let g(j) = -628246*j - 5. What is g(0)?
-5
Let i(x) = 139*x - 535. Calculate i(3).
-118
Let v(g) = 81048*g + 162099. Give v(-2).
3
Let r(g) = -2*g**3 - 20*g**2 + 106*g + 20. What is r(9)?
-2104
Let f(i) = 205*i**2 + 1021*i + 11. Determine f(-5).
31
Let m(s) = -3*s**3 - 14*s**2 + 11*s - 22. Calculate m(-6).
56
Let j(z) = 6004*z - 78226. Give j(13).
-174
Let r(x) = 3816*x - 3293. Give r(1).
523
Let s(x) = -286*x - 30330. Calculate s(-105).
-300
Let d(k) = -k**2 + 17957*k - 215374. Calculate d(12).
-34
Let v(m) = m**3 - 4*m**2 + 3074*m + 15607. Give v(-5).
12
Let n(w) = 179*w + 423. Give n(-2).
65
Let u(m) = m**2 - 8*m - 23694. Calculate u(-150).
6
Let i(f) = -f**2 + 3350*f + 57150. Calculate i(-17).
-89
Let j(r) = 2*r**2 + 135757*r - 407276. Determine j(3).
13
Let q(g) = g**3 + 982*g**2 + 9718*g - 1969. Give q(-972).
-25
Let g(r) = 18*r**3 - 251*r**2 + 264*r - 552. What is g(13)?
7
Let a(k) = -2809*k + 13695. Calculate a(7).
-5968
Let o(v) = -1299*v + 19564. What is o(15)?
79
Let y(w) = 5867*w - 41089. What is y(7)?
-20
Let t(i) = 5*i**2 + 82*i - 3247. Determine t(-40).
1473
Let r(s) = -s**3 + 87*s**2 + 360*s + 355. Give r(91).
-9
Let a(k) = 72396*k + 72298. Determine a(-1).
-98
Let k(i) = 24993*i + 75028. Give k(-3).
49
Let o(k) = 61985*k**2 + 2851311*k + 30. Determine o(-46).
-16
Let i(z) = -1700*z - 28986. Give i(-17).
-86
Let w(l) = -2*l**2 + 646*l - 51688. What is w(177)?
-4
Let n(r) = -972*r + 4880. Calculate n(5).
20
Let z(r) = -1213*r + 20810. Calculate z(17).
189
Let r(s) = s**2 + 7503*s + 1651663. What is r(-227)?
11
Let b(q) = -218*q - 8276. Determine b(-34).
-864
Let u(g) = -g**3 + 3*g**2 - 1414*g + 7152. Calculate u(5).
32
Let l(o) = 41*o**3 + 3576*o**2 + 775*o - 708. Calculate l(-87).
-12
Let g(v) = 379*v - 3935. Give g(10).
-145
Let s(i) = 22*i**3 + 948*i**2 + 88*i + 107. Determine s(-43).
21
Let a(v) = -v**3 + 265*v**2 + 2184*v - 217. Calculate a(273).
-217
Let r(k) = k**3 + 5390*k + 43631. What is r(-8)?
-1
Let y(i) = -921*i - 2676. What is y(-2)?
-834
Let i(j) = j**3 - 19*j**2 + 231*j - 1525. Give i(11).
48
Let h(r) = -1671*r + 24141. Give h(15).
-924
Let p(q) = q**2 - 3615*q - 10575077. Give p(-1913).
-13
Let r(f) = -f**3 + 76*f**2 + 688*f - 815. Determine r(84).
529
Let w(b) = b**3 - 57*b**2 - 10737*b - 958. Give w(136).
-6
Let x(y) = 6*y**2 + 1750*y - 2318. Give x(-293).
26
Let y(t) = 314870*t - 50. Calculate y(0).
-50
Let h(l) = -13555*l**2 + 284655*l + 2. Calculate h(21).
2
Let z(h) = h**2 + 104*h - 2355. Determine z(-128).
717
Let w(f) = 22*f**2 - 4070*f - 1086. Give w(185).
-1086
Let l(v) = -4*v**2 + 4984*v - 39499. Calculate l(8).
117
Let x(l) = -l**3 + 73*l**2 + 6780*l - 4218. Determine x(-54).
-6
Let v(k) = k**2 + 301*k - 13664. What is v(40)?
-24
Let k(m) = 11*m**3 - 51*m**2 - 47*m + 94. Determine k(5).
-41
Let q(w) = -w**3 + 9*w**2 + 294*w - 798. What is q(21)?
84
Let x(u) = -4*u**2 - 14607*u + 43830. Calculate x(3).
-27
Let o(l) = -5650*l**2 - 480273*l - 1958. Calculate o(-85).
-3
Let g(k) = -62*k**2 - 1869*k - 81. Give g(-30).
189
Let u(r) = -8081*r - 121423. What is u(-15)?
-208
Let r(s) = 5*s**2 + 39*s - 50. Calculate r(3).
112
Let h(t) = -t**3 - 132*t**2 - 3825*t - 402. Give h(-90).
3648
Let f(r) = -1270430*r + 10163431. Determine f(8).
-9
Let r(u) = 4521*u + 23450. What is r(-5)?
845
Let x(f) = 524*f**2 - 2432*f - 74. What is x(5)?
866
Let p(a) = -86*a**2 + 435*a - 29. Give p(5).
-4
Let q(k) = -k**3 - 239*k**2 - 456*k + 3357. Determine q(-237).
-909
Let w(i) = i**3 + 24*i**2 - 228*i - 5460. Determine w(-25).
-385
Let t(i) = -18*i**3 + 10*i**2 + 143*i + 13. Determine t(0).
13
Let m(i) = 2350*i + 157531. Determine m(-67).
81
Let v(h) = 14516*h + 86821. Give v(-6).
-275
Let x(z) = 6*z**3 + 19*z**2 - 62*z - 190. What is x(-3)?
5
Let y(u) = 19*u**2 + 4664*u - 19098. Calculate y(4).
-138
Let v(i) = 22*i**2 + 13136*i + 1181. Determine v(-597).
-13
Let l(f) = -141*f + 782. Determine l(6).
-64
Let j(n) = -n**3 - 63*n**2 + 43*n - 1318. What is j(-64)?
26
Let g(c) = 2*c**3 + 109*c**2 - 6633*c - 319603. Determine g(-69).
5
Let c(q) = -51*q**2 + 4592*q - 117. Give c(90).
63
Let z(s) = -342*s**3 + 6*s**2 + 65*s - 71. Calculate z(1).
-342
Let x(c) = 22*c**2 + 5425*c - 974. Calculate x(-246).
-4172
Let l(g) = -23*g + 11819. Give l(514).
-3
Let a(b) = 5757*b - 425430. Determine a(74).
588
Let l(o) = -32*o**2 - 32*o + 388. Calculate l(3).
4
Let c(q) = -389314*q + 16351183. Calculate c(42).
-5
Let b(u) = -37*u**2 - 2598*u - 544. Determine b(-70).
16
Let q(j) = -j**2 - 13777*j + 120. What is q(0)?
120
Let x(a) = 4599*a - 335726. What is x(73)?
1
Let i(h) = -486*h**2 + 1880*h + 81. What is i(4)?
-175
Let m(f) = f**3 + 538*f**2 - 2536*f - 1076350. Give m(-539).
33
Let z(v) = -8*v**3 - 946*v**2 + 1627*v - 6360. Calculate z(-120).
0
Let c(p) = 1213*p - 167420. Calculate c(138).
-26
Let t(p) = 8*p**3 + 76*p - 302. Determine t(4).
514
Let p(y) = -33*y -